{"id":99,"date":"2021-04-09T11:00:21","date_gmt":"2021-04-09T09:00:21","guid":{"rendered":"https:\/\/www.pension-sila.de\/impressao\/"},"modified":"2025-01-11T18:41:08","modified_gmt":"2025-01-11T17:41:08","slug":"impressao","status":"publish","type":"page","link":"https:\/\/www.pension-sila.de\/pt-pt\/impressao\/","title":{"rendered":"Impress\u00e3o"},"content":{"rendered":"<h1>Impress\u00e3o<\/h1>\n<div>\n<p>Dirk Mundinger\u00a0<\/p>\n<p>Georg-August-Zinn-Str. 57<br \/>64823 Gro\u00df-Umstadt<br \/>Alemanh\u00e3<\/p>\n<p>Tel.: +49 174 31 75 305<\/p>\n<p>Mail: info@pension-sila.de<br \/>Web: www.pension-sila.de<\/p>\n<p>USt-IDNr.: DE307866627<\/p>\n<\/div>\n<div>\n<article id=\"post-96\" class=\"page-body style-light-bg post-96 post type-post status-publish format-standard hentry category-allgemein\">\n<div class=\"post-wrapper\">\n<div class=\"post-body\">\n<div class=\"post-content un-no-sidebar-layout\">\n<div class=\"row-container\">\n<div class=\"row row-parent style-light limit-width double-top-padding double-bottom-padding\">\n<p><strong>Responsabilidade pelo conte\u00fado<\/strong><br \/>Como prestador de servi\u00e7os, somos respons\u00e1veis pelo nosso pr\u00f3prio conte\u00fado nestas p\u00e1ginas, de acordo com a legisla\u00e7\u00e3o geral, nos termos do artigo 7 (1) da Lei alem\u00e3 de Telemedia (TMG). No entanto, de acordo com \u00a7\u00a7 8 a 10 TMG, n\u00e3o somos obrigados, como prestador de servi\u00e7os, a monitorizar informa\u00e7\u00f5es transmitidas ou armazenadas por terceiros ou a investigar circunst\u00e2ncias que indiquem actividade ilegal. As obriga\u00e7\u00f5es de remover ou bloquear a utiliza\u00e7\u00e3o da informa\u00e7\u00e3o de acordo com as leis gerais n\u00e3o s\u00e3o afectadas por isto. No entanto, a responsabilidade a este respeito s\u00f3 \u00e9 poss\u00edvel a partir do momento em que uma infrac\u00e7\u00e3o concreta da lei se torne conhecida. Se tivermos conhecimento de tais infrac\u00e7\u00f5es, removeremos imediatamente o conte\u00fado relevante.<\/p>\n<p><strong>Responsabilidade por liga\u00e7\u00f5es<\/strong><br \/>O nosso website cont\u00e9m links para websites externos de terceiros sobre cujo conte\u00fado n\u00e3o temos qualquer influ\u00eancia. Por conseguinte, n\u00e3o podemos assumir qualquer responsabilidade por estes conte\u00fados externos. O respectivo fornecedor ou operador das p\u00e1ginas \u00e9 sempre respons\u00e1vel pelo conte\u00fado das p\u00e1ginas ligadas. As p\u00e1ginas ligadas foram verificadas quanto a poss\u00edveis viola\u00e7\u00f5es legais no momento da liga\u00e7\u00e3o. Os conte\u00fados ilegais n\u00e3o eram reconhec\u00edveis no momento da liga\u00e7\u00e3o. Contudo, o controlo permanente do conte\u00fado das p\u00e1ginas ligadas n\u00e3o \u00e9 razo\u00e1vel sem indica\u00e7\u00f5es concretas de uma viola\u00e7\u00e3o legal. Se tomarmos conhecimento de quaisquer infrac\u00e7\u00f5es \u00e0 lei, removeremos imediatamente tais liga\u00e7\u00f5es.<\/p>\n<p><strong>Direitos de autor<\/strong><br \/>Os conte\u00fados e obras destas p\u00e1ginas criadas pelos operadores do s\u00edtio est\u00e3o sujeitos \u00e0 lei alem\u00e3 de direitos de autor. A duplica\u00e7\u00e3o, processamento, distribui\u00e7\u00e3o, ou qualquer forma de comercializa\u00e7\u00e3o de tal material para al\u00e9m do \u00e2mbito da lei de direitos de autor, exige o consentimento pr\u00e9vio por escrito do seu respectivo autor ou criador. Os downloads e c\u00f3pias deste site s\u00f3 s\u00e3o permitidos para uso privado e n\u00e3o comercial.<\/p>\n<p>Na medida em que o conte\u00fado deste s\u00edtio n\u00e3o foi criado pelo operador, os direitos de autor de terceiros s\u00e3o respeitados. Em particular, o conte\u00fado de terceiros \u00e9 marcado como tal. No entanto, se tiver conhecimento de uma viola\u00e7\u00e3o dos direitos de autor, informe-nos em conformidade. Se tivermos conhecimento de qualquer infrac\u00e7\u00e3o, removeremos imediatamente esse conte\u00fado.<\/p>\n<p>Levamos muito a s\u00e9rio a protec\u00e7\u00e3o dos seus dados pessoais. Tratamos os seus dados pessoais confidencialmente e em conformidade com os regulamentos legais de protec\u00e7\u00e3o de dados e com a presente declara\u00e7\u00e3o de protec\u00e7\u00e3o de dados.<\/p>\n<p>Como regra, \u00e9 poss\u00edvel utilizar o nosso s\u00edtio web sem fornecer dados pessoais. Na medida em que os dados pessoais (por exemplo, nome, morada ou endere\u00e7os de e-mail) s\u00e3o recolhidos nas nossas p\u00e1ginas, isto \u00e9 sempre feito, na medida do poss\u00edvel, numa base volunt\u00e1ria. Estes dados n\u00e3o ser\u00e3o transmitidos a terceiros sem o seu consentimento expresso.<\/p>\n<p>Gostar\u00edamos de salientar que a transmiss\u00e3o de dados na Internet (por exemplo, ao comunicar por correio electr\u00f3nico) pode ter lacunas de seguran\u00e7a. N\u00e3o \u00e9 poss\u00edvel uma protec\u00e7\u00e3o completa dos dados contra o acesso de terceiros.<\/p>\n<\/div>\n<\/div>\n<\/div>\n<\/div>\n<\/div>\n<\/article>\n<\/div>\n<p><!--more--><br \/>\n<!-- {\"type\":\"layout\",\"children\":[{\"type\":\"section\",\"props\":{\"image\":\"wp-content\\\/uploads\\\/2023\\\/06\\\/hotel-pension-sila-gross-umstadt-frontansicht.webp\",\"image_position\":\"top-center\",\"image_size\":\"cover\",\"padding\":\"xlarge\",\"style\":\"default\",\"title_breakpoint\":\"xl\",\"title_position\":\"top-left\",\"title_rotation\":\"left\",\"vertical_align\":\"middle\",\"width\":\"\"},\"children\":[{\"type\":\"row\",\"children\":[{\"type\":\"column\",\"props\":{\"image_position\":\"center-center\",\"position_sticky_breakpoint\":\"m\"}}]}]},{\"type\":\"section\",\"props\":{\"image_position\":\"center-center\",\"style\":\"default\",\"title_breakpoint\":\"xl\",\"title_position\":\"top-left\",\"title_rotation\":\"left\",\"vertical_align\":\"middle\",\"width\":\"default\"},\"children\":[{\"type\":\"row\",\"children\":[{\"type\":\"column\",\"props\":{\"image_position\":\"center-center\",\"position_sticky_breakpoint\":\"m\",\"width_medium\":\"1-3\"},\"children\":[{\"type\":\"headline\",\"props\":{\"content\":\"Impress\\u00e3o\",\"title_element\":\"h1\"}},{\"type\":\"text\",\"props\":{\"column_breakpoint\":\"m\",\"content\":\"\n\n<p>Dirk Mundinger\\u00a0<\\\/p>\\n\n\n<p>Georg-August-Zinn-Str. 57<br \\\/>64823 Gro\\u00df-Umstadt<br \\\/>Alemanh\\u00e3<\\\/p>\\n\n\n<p>Tel.: +49 174 31 75 305<br \\\/><br \\\/>Mail: info@pension-sila.de<br \\\/>Web: www.pension-sila.de<\\\/p>\\n\n\n<p>USt-IDNr.: DE307866627<\\\/p>\",\"margin\":\"default\"}}]},{\"type\":\"column\",\"props\":{\"image_position\":\"center-center\",\"position_sticky_breakpoint\":\"m\",\"width_medium\":\"2-3\"},\"children\":[{\"type\":\"text\",\"props\":{\"column_breakpoint\":\"m\",\"content\":\"\n\n<article id=\\\"post-96\\\" class=\\\"page-body style-light-bg post-96 post type-post status-publish format-standard hentry category-allgemein\\\">\\n\n\n<div class=\\\"post-wrapper\\\">\\n\n\n<div class=\\\"post-body\\\">\\n\n\n<div class=\\\"post-content un-no-sidebar-layout\\\">\\n\n\n<div class=\\\"row-container\\\">\\n\n\n<div class=\\\"row row-parent style-light limit-width double-top-padding double-bottom-padding\\\">\\n\n\n<p><strong>Responsabilidade pelo conte\\u00fado<\\\/strong><br \\\/>Como prestador de servi\\u00e7os, somos respons\\u00e1veis pelo nosso pr\\u00f3prio conte\\u00fado nestas p\\u00e1ginas, de acordo com a legisla\\u00e7\\u00e3o geral, nos termos do artigo 7 (1) da Lei alem\\u00e3 de Telemedia (TMG). No entanto, de acordo com \\u00a7\\u00a7 8 a 10 TMG, n\\u00e3o somos obrigados, como prestador de servi\\u00e7os, a monitorizar informa\\u00e7\\u00f5es transmitidas ou armazenadas por terceiros ou a investigar circunst\\u00e2ncias que indiquem actividade ilegal. As obriga\\u00e7\\u00f5es de remover ou bloquear a utiliza\\u00e7\\u00e3o da informa\\u00e7\\u00e3o de acordo com as leis gerais n\\u00e3o s\\u00e3o afectadas por isto. No entanto, a responsabilidade a este respeito s\\u00f3 \\u00e9 poss\\u00edvel a partir do momento em que uma infrac\\u00e7\\u00e3o concreta da lei se torne conhecida. Se tivermos conhecimento de tais infrac\\u00e7\\u00f5es, removeremos imediatamente o conte\\u00fado relevante.<\\\/p>\\n\n\n<p><strong>Responsabilidade por liga\\u00e7\\u00f5es<\\\/strong><br \\\/>O nosso website cont\\u00e9m links para websites externos de terceiros sobre cujo conte\\u00fado n\\u00e3o temos qualquer influ\\u00eancia. Por conseguinte, n\\u00e3o podemos assumir qualquer responsabilidade por estes conte\\u00fados externos. O respectivo fornecedor ou operador das p\\u00e1ginas \\u00e9 sempre respons\\u00e1vel pelo conte\\u00fado das p\\u00e1ginas ligadas. As p\\u00e1ginas ligadas foram verificadas quanto a poss\\u00edveis viola\\u00e7\\u00f5es legais no momento da liga\\u00e7\\u00e3o. Os conte\\u00fados ilegais n\\u00e3o eram reconhec\\u00edveis no momento da liga\\u00e7\\u00e3o. Contudo, o controlo permanente do conte\\u00fado das p\\u00e1ginas ligadas n\\u00e3o \\u00e9 razo\\u00e1vel sem indica\\u00e7\\u00f5es concretas de uma viola\\u00e7\\u00e3o legal. Se tomarmos conhecimento de quaisquer infrac\\u00e7\\u00f5es \\u00e0 lei, removeremos imediatamente tais liga\\u00e7\\u00f5es.<\\\/p>\\n\n\n<p><strong>Direitos de autor<\\\/strong><br \\\/>Os conte\\u00fados e obras destas p\\u00e1ginas criadas pelos operadores do s\\u00edtio est\\u00e3o sujeitos \\u00e0 lei alem\\u00e3 de direitos de autor. A duplica\\u00e7\\u00e3o, processamento, distribui\\u00e7\\u00e3o, ou qualquer forma de comercializa\\u00e7\\u00e3o de tal material para al\\u00e9m do \\u00e2mbito da lei de direitos de autor, exige o consentimento pr\\u00e9vio por escrito do seu respectivo autor ou criador. Os downloads e c\\u00f3pias deste site s\\u00f3 s\\u00e3o permitidos para uso privado e n\\u00e3o comercial.<\\\/p>\\n\n\n<p>Na medida em que o conte\\u00fado deste s\\u00edtio n\\u00e3o foi criado pelo operador, os direitos de autor de terceiros s\\u00e3o respeitados. Em particular, o conte\\u00fado de terceiros \\u00e9 marcado como tal. No entanto, se tiver conhecimento de uma viola\\u00e7\\u00e3o dos direitos de autor, informe-nos em conformidade. Se tivermos conhecimento de qualquer infrac\\u00e7\\u00e3o, removeremos imediatamente esse conte\\u00fado.<\\\/p>\\n\n\n<p>Levamos muito a s\\u00e9rio a protec\\u00e7\\u00e3o dos seus dados pessoais. Tratamos os seus dados pessoais confidencialmente e em conformidade com os regulamentos legais de protec\\u00e7\\u00e3o de dados e com a presente declara\\u00e7\\u00e3o de protec\\u00e7\\u00e3o de dados.<\\\/p>\\n\n\n<p>Como regra, \\u00e9 poss\\u00edvel utilizar o nosso s\\u00edtio web sem fornecer dados pessoais. Na medida em que os dados pessoais (por exemplo, nome, morada ou endere\\u00e7os de e-mail) s\\u00e3o recolhidos nas nossas p\\u00e1ginas, isto \\u00e9 sempre feito, na medida do poss\\u00edvel, numa base volunt\\u00e1ria. Estes dados n\\u00e3o ser\\u00e3o transmitidos a terceiros sem o seu consentimento expresso.<\\\/p>\\n\n\n<p>Gostar\\u00edamos de salientar que a transmiss\\u00e3o de dados na Internet (por exemplo, ao comunicar por correio electr\\u00f3nico) pode ter lacunas de seguran\\u00e7a. N\\u00e3o \\u00e9 poss\\u00edvel uma protec\\u00e7\\u00e3o completa dos dados contra o acesso de terceiros.<\\\/p>\\n<\\\/div>\\n<\\\/div>\\n<\\\/div>\\n<\\\/div>\\n<\\\/div>\\n<\\\/article>\",\"margin\":\"default\"}}]}],\"props\":{\"divider\":true,\"layout\":\"1-3,2-3\"}}],\"name\":\"Impressum\"}],\"version\":\"4.2.11\",\"yooessentialsVersion\":\"2.1.5\"} --><\/p>\n","protected":false},"excerpt":{"rendered":"<p>Impress\u00e3o Dirk Mundinger\u00a0 Georg-August-Zinn-Str. 5764823 Gro\u00df-UmstadtAlemanh\u00e3 Tel.: +49 174 31 75 305 Mail: info@pension-sila.deWeb: www.pension-sila.de USt-IDNr.: DE307866627 Responsabilidade pelo conte\u00fadoComo prestador de servi\u00e7os, somos respons\u00e1veis pelo nosso pr\u00f3prio conte\u00fado nestas p\u00e1ginas, de acordo com a legisla\u00e7\u00e3o geral, nos termos do artigo 7 (1) da Lei alem\u00e3 de Telemedia (TMG). No entanto, de acordo com \u00a7\u00a7 [&hellip;]<\/p>\n","protected":false},"author":1,"featured_media":0,"parent":0,"menu_order":0,"comment_status":"closed","ping_status":"closed","template":"","meta":{"footnotes":""},"class_list":["post-99","page","type-page","status-publish","hentry"],"_links":{"self":[{"href":"https:\/\/www.pension-sila.de\/pt-pt\/wp-json\/wp\/v2\/pages\/99","targetHints":{"allow":["GET"]}}],"collection":[{"href":"https:\/\/www.pension-sila.de\/pt-pt\/wp-json\/wp\/v2\/pages"}],"about":[{"href":"https:\/\/www.pension-sila.de\/pt-pt\/wp-json\/wp\/v2\/types\/page"}],"author":[{"embeddable":true,"href":"https:\/\/www.pension-sila.de\/pt-pt\/wp-json\/wp\/v2\/users\/1"}],"replies":[{"embeddable":true,"href":"https:\/\/www.pension-sila.de\/pt-pt\/wp-json\/wp\/v2\/comments?post=99"}],"version-history":[{"count":6,"href":"https:\/\/www.pension-sila.de\/pt-pt\/wp-json\/wp\/v2\/pages\/99\/revisions"}],"predecessor-version":[{"id":50725,"href":"https:\/\/www.pension-sila.de\/pt-pt\/wp-json\/wp\/v2\/pages\/99\/revisions\/50725"}],"wp:attachment":[{"href":"https:\/\/www.pension-sila.de\/pt-pt\/wp-json\/wp\/v2\/media?parent=99"}],"curies":[{"name":"wp","href":"https:\/\/api.w.org\/{rel}","templated":true}]}}

Impressão

<h1>Impressão</h1>
<div>
<p>Dirk Mundinger </p>
<p>Georg-August-Zinn-Str. 57<br />64823 Groß-Umstadt<br />Alemanhã</p>
<p>Tel.: +49 174 31 75 305</p>
<p>Mail: info@pension-sila.de<br />Web: www.pension-sila.de</p>
<p>USt-IDNr.: DE307866627</p>
</div>
<div>
<article id="post-96" class="page-body style-light-bg post-96 post type-post status-publish format-standard hentry category-allgemein">
<div class="post-wrapper">
<div class="post-body">
<div class="post-content un-no-sidebar-layout">
<div class="row-container">
<div class="row row-parent style-light limit-width double-top-padding double-bottom-padding">
<p><strong>Responsabilidade pelo conteúdo</strong><br />Como prestador de serviços, somos responsáveis pelo nosso próprio conteúdo nestas páginas, de acordo com a legislação geral, nos termos do artigo 7 (1) da Lei alemã de Telemedia (TMG). No entanto, de acordo com §§ 8 a 10 TMG, não somos obrigados, como prestador de serviços, a monitorizar informações transmitidas ou armazenadas por terceiros ou a investigar circunstâncias que indiquem actividade ilegal. As obrigações de remover ou bloquear a utilização da informação de acordo com as leis gerais não são afectadas por isto. No entanto, a responsabilidade a este respeito só é possível a partir do momento em que uma infracção concreta da lei se torne conhecida. Se tivermos conhecimento de tais infracções, removeremos imediatamente o conteúdo relevante.</p>
<p><strong>Responsabilidade por ligações</strong><br />O nosso website contém links para websites externos de terceiros sobre cujo conteúdo não temos qualquer influência. Por conseguinte, não podemos assumir qualquer responsabilidade por estes conteúdos externos. O respectivo fornecedor ou operador das páginas é sempre responsável pelo conteúdo das páginas ligadas. As páginas ligadas foram verificadas quanto a possíveis violações legais no momento da ligação. Os conteúdos ilegais não eram reconhecíveis no momento da ligação. Contudo, o controlo permanente do conteúdo das páginas ligadas não é razoável sem indicações concretas de uma violação legal. Se tomarmos conhecimento de quaisquer infracções à lei, removeremos imediatamente tais ligações.</p>
<p><strong>Direitos de autor</strong><br />Os conteúdos e obras destas páginas criadas pelos operadores do sítio estão sujeitos à lei alemã de direitos de autor. A duplicação, processamento, distribuição, ou qualquer forma de comercialização de tal material para além do âmbito da lei de direitos de autor, exige o consentimento prévio por escrito do seu respectivo autor ou criador. Os downloads e cópias deste site só são permitidos para uso privado e não comercial.</p>
<p>Na medida em que o conteúdo deste sítio não foi criado pelo operador, os direitos de autor de terceiros são respeitados. Em particular, o conteúdo de terceiros é marcado como tal. No entanto, se tiver conhecimento de uma violação dos direitos de autor, informe-nos em conformidade. Se tivermos conhecimento de qualquer infracção, removeremos imediatamente esse conteúdo.</p>
<p>Levamos muito a sério a protecção dos seus dados pessoais. Tratamos os seus dados pessoais confidencialmente e em conformidade com os regulamentos legais de protecção de dados e com a presente declaração de protecção de dados.</p>
<p>Como regra, é possível utilizar o nosso sítio web sem fornecer dados pessoais. Na medida em que os dados pessoais (por exemplo, nome, morada ou endereços de e-mail) são recolhidos nas nossas páginas, isto é sempre feito, na medida do possível, numa base voluntária. Estes dados não serão transmitidos a terceiros sem o seu consentimento expresso.</p>
<p>Gostaríamos de salientar que a transmissão de dados na Internet (por exemplo, ao comunicar por correio electrónico) pode ter lacunas de segurança. Não é possível uma protecção completa dos dados contra o acesso de terceiros.</p>
</div>
</div>
</div>
</div>
</div>
</article>
</div>
<p><!--more--><br />
<!-- {"type":"layout","children":[{"type":"section","props":{"image":"wp-content\/uploads\/2023\/06\/hotel-pension-sila-gross-umstadt-frontansicht.webp","image_position":"top-center","image_size":"cover","padding":"xlarge","style":"default","title_breakpoint":"xl","title_position":"top-left","title_rotation":"left","vertical_align":"middle","width":""},"children":[{"type":"row","children":[{"type":"column","props":{"image_position":"center-center","position_sticky_breakpoint":"m"}}]}]},{"type":"section","props":{"image_position":"center-center","style":"default","title_breakpoint":"xl","title_position":"top-left","title_rotation":"left","vertical_align":"middle","width":"default"},"children":[{"type":"row","children":[{"type":"column","props":{"image_position":"center-center","position_sticky_breakpoint":"m","width_medium":"1-3"},"children":[{"type":"headline","props":{"content":"Impress\u00e3o","title_element":"h1"}},{"type":"text","props":{"column_breakpoint":"m","content":"

<p>Dirk Mundinger\u00a0<\/p>\n

<p>Georg-August-Zinn-Str. 57<br \/>64823 Gro\u00df-Umstadt<br \/>Alemanh\u00e3<\/p>\n

<p>Tel.: +49 174 31 75 305<br \/><br \/>Mail: info@pension-sila.de<br \/>Web: www.pension-sila.de<\/p>\n

<p>USt-IDNr.: DE307866627<\/p>","margin":"default"}}]},{"type":"column","props":{"image_position":"center-center","position_sticky_breakpoint":"m","width_medium":"2-3"},"children":[{"type":"text","props":{"column_breakpoint":"m","content":"

<article id=\"post-96\" class=\"page-body style-light-bg post-96 post type-post status-publish format-standard hentry category-allgemein\">\n

<div class=\"post-wrapper\">\n

<div class=\"post-body\">\n

<div class=\"post-content un-no-sidebar-layout\">\n

<div class=\"row-container\">\n

<div class=\"row row-parent style-light limit-width double-top-padding double-bottom-padding\">\n

<p><strong>Responsabilidade pelo conte\u00fado<\/strong><br \/>Como prestador de servi\u00e7os, somos respons\u00e1veis pelo nosso pr\u00f3prio conte\u00fado nestas p\u00e1ginas, de acordo com a legisla\u00e7\u00e3o geral, nos termos do artigo 7 (1) da Lei alem\u00e3 de Telemedia (TMG). No entanto, de acordo com \u00a7\u00a7 8 a 10 TMG, n\u00e3o somos obrigados, como prestador de servi\u00e7os, a monitorizar informa\u00e7\u00f5es transmitidas ou armazenadas por terceiros ou a investigar circunst\u00e2ncias que indiquem actividade ilegal. As obriga\u00e7\u00f5es de remover ou bloquear a utiliza\u00e7\u00e3o da informa\u00e7\u00e3o de acordo com as leis gerais n\u00e3o s\u00e3o afectadas por isto. No entanto, a responsabilidade a este respeito s\u00f3 \u00e9 poss\u00edvel a partir do momento em que uma infrac\u00e7\u00e3o concreta da lei se torne conhecida. Se tivermos conhecimento de tais infrac\u00e7\u00f5es, removeremos imediatamente o conte\u00fado relevante.<\/p>\n

<p><strong>Responsabilidade por liga\u00e7\u00f5es<\/strong><br \/>O nosso website cont\u00e9m links para websites externos de terceiros sobre cujo conte\u00fado n\u00e3o temos qualquer influ\u00eancia. Por conseguinte, n\u00e3o podemos assumir qualquer responsabilidade por estes conte\u00fados externos. O respectivo fornecedor ou operador das p\u00e1ginas \u00e9 sempre respons\u00e1vel pelo conte\u00fado das p\u00e1ginas ligadas. As p\u00e1ginas ligadas foram verificadas quanto a poss\u00edveis viola\u00e7\u00f5es legais no momento da liga\u00e7\u00e3o. Os conte\u00fados ilegais n\u00e3o eram reconhec\u00edveis no momento da liga\u00e7\u00e3o. Contudo, o controlo permanente do conte\u00fado das p\u00e1ginas ligadas n\u00e3o \u00e9 razo\u00e1vel sem indica\u00e7\u00f5es concretas de uma viola\u00e7\u00e3o legal. Se tomarmos conhecimento de quaisquer infrac\u00e7\u00f5es \u00e0 lei, removeremos imediatamente tais liga\u00e7\u00f5es.<\/p>\n

<p><strong>Direitos de autor<\/strong><br \/>Os conte\u00fados e obras destas p\u00e1ginas criadas pelos operadores do s\u00edtio est\u00e3o sujeitos \u00e0 lei alem\u00e3 de direitos de autor. A duplica\u00e7\u00e3o, processamento, distribui\u00e7\u00e3o, ou qualquer forma de comercializa\u00e7\u00e3o de tal material para al\u00e9m do \u00e2mbito da lei de direitos de autor, exige o consentimento pr\u00e9vio por escrito do seu respectivo autor ou criador. Os downloads e c\u00f3pias deste site s\u00f3 s\u00e3o permitidos para uso privado e n\u00e3o comercial.<\/p>\n

<p>Na medida em que o conte\u00fado deste s\u00edtio n\u00e3o foi criado pelo operador, os direitos de autor de terceiros s\u00e3o respeitados. Em particular, o conte\u00fado de terceiros \u00e9 marcado como tal. No entanto, se tiver conhecimento de uma viola\u00e7\u00e3o dos direitos de autor, informe-nos em conformidade. Se tivermos conhecimento de qualquer infrac\u00e7\u00e3o, removeremos imediatamente esse conte\u00fado.<\/p>\n

<p>Levamos muito a s\u00e9rio a protec\u00e7\u00e3o dos seus dados pessoais. Tratamos os seus dados pessoais confidencialmente e em conformidade com os regulamentos legais de protec\u00e7\u00e3o de dados e com a presente declara\u00e7\u00e3o de protec\u00e7\u00e3o de dados.<\/p>\n

<p>Como regra, \u00e9 poss\u00edvel utilizar o nosso s\u00edtio web sem fornecer dados pessoais. Na medida em que os dados pessoais (por exemplo, nome, morada ou endere\u00e7os de e-mail) s\u00e3o recolhidos nas nossas p\u00e1ginas, isto \u00e9 sempre feito, na medida do poss\u00edvel, numa base volunt\u00e1ria. Estes dados n\u00e3o ser\u00e3o transmitidos a terceiros sem o seu consentimento expresso.<\/p>\n

<p>Gostar\u00edamos de salientar que a transmiss\u00e3o de dados na Internet (por exemplo, ao comunicar por correio electr\u00f3nico) pode ter lacunas de seguran\u00e7a. N\u00e3o \u00e9 poss\u00edvel uma protec\u00e7\u00e3o completa dos dados contra o acesso de terceiros.<\/p>\n<\/div>\n<\/div>\n<\/div>\n<\/div>\n<\/div>\n<\/article>","margin":"default"}}]}],"props":{"divider":true,"layout":"1-3,2-3"}}],"name":"Impressum"}],"version":"4.2.11","yooessentialsVersion":"2.1.5"} --></p>

<p>Impressão Dirk Mundinger  Georg-August-Zinn-Str. 5764823 Groß-UmstadtAlemanhã Tel.: +49 174 31 75 305 Mail: info@pension-sila.deWeb: www.pension-sila.de USt-IDNr.: DE307866627 Responsabilidade pelo conteúdoComo prestador de serviços, somos responsáveis pelo nosso próprio conteúdo nestas páginas, de acordo com a legislação geral, nos termos do artigo 7 (1) da Lei alemã de Telemedia (TMG). No entanto, de acordo com §§ [&hellip;]</p>
